ulate the highest common divisor of a and f.
13
Suppose -213 = -3*y - 45*l + 42*l, 5*y = -l + 335. Let t(r) = -2*r. Let q be 1*(2 + 0 + -5). Let b be t(q). Calculate the greatest common factor of y and b.
6
Let w(t) = t**2 - 41*t - 32. Let b be w(42). What is the highest common factor of 140 and b?
10
Let j = -28 - -30. Let u be -5 + 98 - 1/(j/4). Calculate the greatest common factor of u and 13.
13
Let w = 1893 + -1717. Let s = 18 + -3. Suppose -1 = -u + s. What is the greatest common factor of w and u?
16
Suppose 4*p = 8 + 12. Calculate the highest common factor of p and 50.
5
Let f = -20 + 29. Let a(n) = -3*n**2 + 8. Let h be a(-2). Let z(q) = q**3 + 2*q**2 - 5*q + 13. Let c be z(h). What is the highest common divisor of c and f?
1
Let d(t) = -2*t - 3. Let o be d(0). Let n = o - -29. What is the greatest common divisor of 104 and n?
26
Let h be ((-4)/10)/(1/(-30)). Let t be (46 - -4) + 190/19. What is the greatest common divisor of t and h?
12
Let h = 627 + -623. Let p(j) = 15*j**3 - 2*j**2 + 1. Let g be p(1). Calculate the highest common divisor of g and h.
2
Suppose -16*b + 330 = -22*b. Let f = -48 - b. What is the highest common divisor of f and 7?
7
Let m be ((-36)/8)/(2/(-44)). Suppose 97 = 28*a - 25*a + p, -a + 5*p = -43. What is the greatest common divisor of a and m?
33
Let v = 254 - 222. What is the highest common divisor of 80 and v?
16
Let n = -89 + 122. Suppose 27*f + 24 = n*f. What is the highest common divisor of f and 28?
4
Suppose 4*z + 5*s = 55, 0 = 4*z - 5*s + 3*s - 34. Let a be -6*(-5)/75 - (-756)/z. Calculate the highest common factor of 19 and a.
19
Let k(r) = r**2 + 16*r + 30. Let d be k(-18). Let q = d - 24. Calculate the greatest common factor of 6 and q.
6
Suppose 25 = 4*d + 4*m - 5*m, -5*d + 2*m + 32 = 0. What is the highest common divisor of 27 and d?
3
Let r be 15/2*(-76)/6. Let v = -51 - r. Calculate the greatest common factor of 11 and v.
11
Let g = -446 - -481. Calculate the greatest common divisor of g and 30.
5
Let p be (1/(-3))/(11/(-66)). Suppose p*x + 8 = 0, -2*z + 4*x + 54 = -262. What is the greatest common factor of z and 15?
15
Suppose 41*h - 50*h = -90. Suppose -5*n = 100 - 300. Calculate the highest common divisor of n and h.
10
Suppose 98*g = -8*g + 371742. What is the greatest common divisor of g and 21?
21
Let t = 34 + -12. Suppose 2*o - 13 = -3*a, 4*o - 59 = 20*a - 15*a. Calculate the greatest common factor of t and o.
11
Suppose 195 = 3*w + 2*w - p, -4*p = -2*w + 78. Let v = w + -9. What is the highest common factor of 6 and v?
6
Let u = 11 + -5. Suppose 138 = 4*h + 5*a, 4*a + 90 = 2*h + 3*a. Calculate the greatest common divisor of h and u.
6
Suppose -4*y = w - 24, -4*y + 24 = 3*w - 4*w. Let l be y/(-4)*80/(-15). Suppose -2*m = -8, -4*m + 376 = 3*g + 2*g. What is the highest common factor of g and l?
8
Suppose -d - 3*t = -2*t + 2, 2*d + 14 = -4*t. Let r(j) = -j**2 + 5*j + 19. Let k be r(10). Let h = 34 + k. What is the highest common divisor of d and h?
3
Let y be 4 - (-11)/((-99)/(-756)). What is the highest common factor of 286 and y?
22
Let q = -6 + 6. Let t be -7*(q - (-144)/(-28)). Calculate the greatest common factor of t and 12.
12
Suppose 177 = 3*s + 4*f, 5*s + 5*f - 341 + 51 = 0. Suppose 2 - 7 = o. Let l = o + s. What is the highest common divisor of 125 and l?
25
Let g(z) = z - 6 + 0 - 7 + 3. Let p be g(6). Let b be 1/((-9)/(-2) + p). What is the greatest common factor of b and 16?
2
Suppose 2*g + g = a + 3, 3*a - 5 = -5*g. Let k be 2 - ((g - -2) + -121). What is the highest common factor of 24 and k?
24
Suppose 0 = -5*c - 2*z - 0*z + 292, 4*z - 44 = -c. Suppose -a = 4*a - c. Calculate the highest common factor of a and 48.
12
Let l(w) = w**3 + 8*w**2 + 7*w + 3. Suppose 0*j + 18 = -3*j. Let b be l(j). Let x be (12/10)/(b/1540). Calculate the greatest common factor of 7 and x.
7
Suppose 0*k + 2*k = -10. Let i be (-209)/(-5) + k/(-25). Let u be -191*(-3)/9 + 6/(-9). What is the highest common divisor of u and i?
21
Suppose -50*c - 5550 = -26150. Calculate the greatest common factor of 721 and c.
103
Suppose 84 = -27*n + 34*n. What is the greatest common divisor of n and 128?
4
Suppose 13*n = 17*n - 8. Suppose -1 + 3 = n*m. Calculate the greatest common divisor of 1 and m.
1
Suppose -55 = 2*d - 7. Let k = d + 33. Let u be 9/k + (-6)/(-2). Calculate the greatest common divisor of u and 4.
4
Let p be 2 + 70 + -3 - -1. Suppose -k - 15 = -23*h + 18*h, 0 = 3*k - 3*h - 15. What is the highest common factor of k and p?
10
Let b be (-296)/30 + 6/(-45). Let v be 30/4*b/(-3). Let g = 57 - v. Calculate the greatest common factor of 8 and g.
8
Suppose 0 = 2*w + 104 + 6. Let n = -25 - w. Suppose 0*m + 10 = 2*m. What is the greatest common divisor of n and m?
5
Let p(f) = 2*f**2 - 8*f - 10. Let l(u) = u**2 + 11*u - 47. Let i be l(-15). Let z be p(i). What is the highest common divisor of z and 28?
28
Suppose 2*j = -0*w - 4*w + 76, -4*w = 4*j - 136. Suppose 2 = -10*u + 42. Suppose 0 = -4*s + u*p, -9 = -4*p + 11. What is the greatest common divisor of j and s?
5
Let y(u) = -u**2 - 33*u + 55. Let k be y(-27). What is the highest common divisor of 7 and k?
7
Let k be (-10)/3*(-3)/2. Let x = 288 + -286. What is the greatest common divisor of k and x?
1
Let c = 7674 - 5322. Calculate the greatest common factor of c and 42.
42
Suppose -3*z + 4180 = z. Suppose -z = -3*w - 139. Let g = 498 - w. What is the greatest common divisor of 28 and g?
28
Suppose -5*z = -1 - 39. Let j = z - -32. Suppose 0 = c + l - j, 2*c = 4*l - 3*l + 65. Calculate the greatest common divisor of 14 and c.
7
Let i = 2421 - 952. What is the highest common factor of i and 13?
13
Suppose 8*t - 11*t = -1320. Let x = t - 237. What is the greatest common divisor of 29 and x?
29
Let d = -278 - -439. What is the greatest common factor of d and 7?
7
Suppose 427*k + 8127 = 434*k. What is the greatest common factor of k and 54?
27
Suppose 5*o + 4*w - 36 = 0, -2*o - 12 = -7*o + 2*w. Let s = o - -12. Let v be (36/s)/((-6)/(-16)). What is the greatest common factor of 30 and v?
6
Let b = 37 + -38. Let s be ((-35)/14)/(b/34). What is the greatest common divisor of 17 and s?
17
Let h be 3/12 - 12/(-16). Let p be h + 131 + (-1 - -1). Suppose 2*b + 0*b = p. Calculate the highest common divisor of b and 6.
6
Let u(a) = 20*a - 54. Let y be u(3). What is the greatest common divisor of 69 and y?
3
Suppose -35 = -3*k + 2*k. Let s be 4*2/(4/5). Let y = 17 - s. Calculate the highest common divisor of y and k.
7
Let h = -72 + 77. Calculate the greatest common factor of h and 45.
5
Suppose 3*v - 585 = -6*s + s, v - 209 = 3*s. Calculate the highest common factor of v and 160.
40
Let n(x) = 2*x + 21. Let k be n(5). Calculate the highest common divisor of 403 and k.
31
Let d(c) = -c - 5. Let n be d(-7). Suppose -5*o + n*t = -0*t - 23, 0 = 2*o - 4*t - 6. Let f = 462 - 452. Calculate the highest common factor of f and o.
5
Let h(b) = -2*b + 26. Suppose 3*n - n - 22 = 0. Let q be h(n). Let x be 702/14 - q/28. Calculate the highest common factor of x and 75.
25
Let p(t) be the third derivative of -t**5/60 + t**4/3 - 5*t**3/3 + 19*t**2. Let w be p(4). What is the greatest common factor of 30 and w?
6
Suppose -12 = 5*u - 3*u. Let q be 10/u*(-5 - -2). Suppose 3*h = q*k + 7, -4*h + 60 = 2*k + 16. Calculate the highest common divisor of 36 and h.
9
Let w(d) be the second derivative of 3*d**3/2 - 3*d**2 - 3*d. Let x be w(2). Let r(f) = f + 3. Let n be r(0). What is the greatest common factor of x and n?
3
Let f(a) = -a**3 - 10*a**2 - 8*a + 4. Let n be f(-9). Let i = 13 + n. Let j be 0*(4 - 3) + i. Calculate the greatest common divisor of j and 56.
8
Let f(l) = -l**3 + 4*l**2 + 6*l - 3. Let v be f(5). Let o be 23 + -4 + v + -2. Calculate the highest common divisor of 57 and o.
19
Let x(h) = 2*h**3 + h**2 - 9*h + 6. Let q be x(-5). Let m = q - 12. Let p be (-3)/2 + m/(-12). Calculate the highest common factor of p and 7.
7
Suppose 12*y - 528 = y. Calculate the greatest common factor of y and 8.
8
Suppose 0 = 6*q - 53 - 1. Suppose -2*x + q + 17 = 0. Calculate the highest common divisor of 39 and x.
13
Suppose q - 2*q + 5*g + 405 = 0, -5*q + 1947 = g. Suppose 2*m + q = -50. Let x be m/30*3/(-2). Calculate the highest common divisor of x and 55.
11
Suppose 0 = 2*v + 6, 2*b -